**3 + 6*k**2 - 3*k - 2. Determine i(4).
18
Let p(o) = 12*o + 120. Calculate p(-9).
12
Let d(k) = 57*k + 19. Determine d(-3).
-152
Let s(v) = -9*v - 53. Calculate s(-12).
55
Let k(m) = m**2 + 23*m - 32. Give k(-25).
18
Let p(i) = -i**3 + 24*i**2 + 23*i + 57. Calculate p(25).
7
Let w(t) = t**3 + 7*t**2 + 2*t + 12. Give w(-7).
-2
Let c(z) = z**3 - 11*z**2 - 13*z + 11. Calculate c(12).
-1
Let v(q) = -q**3 + 12*q**2 + 28*q - 19. Calculate v(14).
-19
Let f(a) = a**3 - 5*a**2 - 3*a - 10. Determine f(6).
8
Let q(o) = -o**3 + 4*o**2 + 6*o - 8. Give q(5).
-3
Let d(x) = -x + 2. Give d(0).
2
Let c(r) = r**3 - 11*r**2 + 17*r - 3. What is c(4)?
-47
Let h(k) = -3*k + 5. Calculate h(9).
-22
Let x(q) = 2*q**3 + q**2 + 4*q + 4. Calculate x(-1).
-1
Let w(i) = -4*i + 139. Determine w(36).
-5
Let x(q) = -q**2 - 8*q - 1. Calculate x(-7).
6
Let a(y) = y - 10. Calculate a(10).
0
Let v(s) = -2*s**2 - 2*s + 1. Calculate v(-4).
-23
Let t(n) = n + 13. What is t(8)?
21
Let b(i) = -2*i + 1. What is b(-5)?
11
Let f(w) = -w**3 - 7. What is f(3)?
-34
Let k(d) = -30*d**2 - 3. What is k(2)?
-123
Let u(n) = -n**3 - n**2 + 2*n + 40. What is u(0)?
40
Let y(j) = -3*j**2 + j + 18. Calculate y(3).
-6
Let l(p) = -p + 6. Calculate l(-9).
15
Let k(f) = -4*f + 38. Give k(13).
-14
Let z(j) = -3*j + 7. What is z(-8)?
31
Let g(j) = j + 6. Calculate g(-6).
0
Let u(c) = 5*c - 6. Determine u(10).
44
Let t(r) = 4*r + 20. Determine t(-4).
4
Let n(h) = -h**3 + 5*h**2 + 14*h - 45. What is n(6)?
3
Let g(x) = -x**2 + 32*x - 32. Give g(31).
-1
Let y(t) = -t**3 - 7*t**2 + 3*t + 12. Determine y(-6).
-42
Let z(k) = -k**2 - 4*k. What is z(-4)?
0
Let n(h) = -15*h - 67. Calculate n(-5).
8
Let a(n) = -n**2 - 10*n - 5. What is a(-8)?
11
Let v(k) = -k**2 + 36*k + 30. Determine v(37).
-7
Let d(n) = n**3 + 9*n**2 - 16*n + 68. What is d(-11)?
2
Let j(w) = -w**3 + 4*w**2 + w - 3. Calculate j(3).
9
Let g(u) = -3*u. What is g(2)?
-6
Let z(n) = -47*n. Give z(1).
-47
Let v(i) = -7*i**2 - 71*i - 6. Calculate v(-10).
4
Let u(v) = -5*v + 6. Calculate u(5).
-19
Let q(b) = -b**3 - 7*b**2 - 2*b - 5. Calculate q(-6).
-29
Let s(z) = z**2 - 9*z - 4. Determine s(7).
-18
Let b(y) = 7*y + 32. Give b(-4).
4
Let c(g) = g**2 - 14*g + 20. Calculate c(9).
-25
Let b(a) = 4*a - 65. Determine b(15).
-5
Let k(j) = -j**2 + 44*j - 385. Determine k(31).
18
Let w(a) = a**3 - 12*a**2 + 22*a - 24. Determine w(10).
-4
Let a(r) = r - 6. Give a(-16).
-22
Let v(m) = 2*m**2 + m - 6. Calculate v(-4).
22
Let n(g) = 2*g**2 + g - 24. What is n(4)?
12
Let t(v) = -4*v + 4. Give t(-2).
12
Let j(n) = -2*n**2 - 28*n - 7. Calculate j(-14).
-7
Let c(h) = -19*h + 34. Give c(2).
-4
Let b(m) = m**3 - 3*m**2 - 11*m + 15. Determine b(6).
57
Let f(z) = z**3 - 4*z**2 - 8*z + 2. Give f(6).
26
Let l(c) = 2*c**2 + 22*c - 86. What is l(-13)?
-34
Let g(h) = -25*h**2 + 8*h + 4. Calculate g(-2).
-112
Let t(p) = 5*p - 9. What is t(11)?
46
Let f(x) = x**3 + 8*x**2 + 7*x - 7. Give f(-7).
-7
Let p(v) = v**3 + 15*v**2 - 18*v - 10. Determine p(-16).
22
Let m(x) = -3*x**3 + 22*x**2 - 6*x + 5. Calculate m(7).
12
Let i(v) = 5*v - 7. Determine i(-7).
-42
Let u(l) = 17*l**3 - l**2 + l - 1. What is u(2)?
133
Let t(b) = b**2 - 12*b + 6. Determine t(10).
-14
Let u(p) = p + 20. Calculate u(-7).
13
Let b(w) = w**2 + 70. Give b(0).
70
Let m(x) = x**3 + 2*x**2 - 41*x + 16. Determine m(5).
-14
Let d(n) = n**3 + 20*n**2 - 16*n + 42. Calculate d(-21).
-63
Let r(w) = 2*w**3 - 7*w**2 - 1. What is r(3)?
-10
Let u(p) = p**3 - 12*p**2 - 44*p - 11. Determine u(15).
4
Let g(a) = -2*a + 16. Determine g(-5).
26
Let f(g) = g**3 - 7*g**2 + 6*g + 12. What is f(7)?
54
Let u(s) = s**3 - 6*s**2 - 7*s + 13. Calculate u(8).
85
Let p(x) = 3*x**2 - 11*x + 18. Calculate p(3).
12
Let q(j) = -3*j + 10. Calculate q(4).
-2
Let m(n) = -23*n - 69. Calculate m(0).
-69
Let r(g) = g**2 + 6. Calculate r(-3).
15
Let d(p) = -p**3 - 15*p**2 - 17*p - 16. Give d(-14).
26
Let j(l) = 3*l**2 + 4*l. Determine j(-3).
15
Let y(c) = c**3 - 14*c**2 - 3*c + 70. Calculate y(14).
28
Let h(n) = n**2 - 12*n + 28. Calculate h(10).
8
Let j(o) = o**2 + 26*o + 53. Determine j(-24).
5
Let c(i) = -17*i - 766. Determine c(-44).
-18
Let j(f) = 3*f + 8. Determine j(4).
20
Let z(r) = r**2 + 8*r + 6. Give z(-6).
-6
Let n(s) = s**3 + 24*s**2 - 6. What is n(-24)?
-6
Let k(c) = c**2 + 9*c + 17. Give k(-5).
-3
Let t(a) = -a**3 + 8*a**2 + 12*a - 8. Determine t(9).
19
Let l(c) = c**2 + 7*c - 12. Give l(-9).
6
Let d(v) = 2*v - 11. Give d(20).
29
Let k(y) = -6*y + 7. Determine k(-6).
43
Let y(d) = -32*d + 130. What is y(4)?
2
Let x(b) = -b**2 + 34. What is x(0)?
34
Let o(c) = -c**3 - 2*c**2 + 17*c + 5. Calculate o(-5).
-5
Let h(q) = 2*q - 15. Calculate h(7).
-1
Let q(n) = -n**2 - 38*n + 307. What is q(7)?
-8
Let y(r) = 4*r**2 + 8*r + 9. Determine y(-4).
41
Let h(d) = -d**2 + 10*d. What is h(13)?
-39
Let s(z) = -z**3 - 2*z**2 + 5*z + 12. Calculate s(-2).
2
Let y(x) = -3*x + 15. Give y(6).
-3
Let r(c) = -c**3 + 5*c**2 + 5*c + 11. Give r(6).
5
Let k(v) = -2*v**2 - v + 6. Calculate k(0).
6
Let j(t) = -t**3 + 13*t**2 + 11*t + 9. Calculate j(14).
-33
Let o(x) = -3*x**2 - 9*x + 6. Give o(1).
-6
Let y(k) = -2*k + 35. What is y(12)?
11
Let i(r) = -r**2 + 3*r + 27. Give i(7).
-1
Let l(o) = -6*o - 84. Determine l(-14).
0
Let v(s) = -6*s + 15. Calculate v(-5).
45
Let b(l) = l**3 - 8*l**2 + l - 12. Calculate b(8).
-4
Let k(w) = -w**3 + 24*w**2 - w + 11. Determine k(24).
-13
Let f(x) = -x**3 - 4*x**2 + 7*x + 10. Calculate f(-5).
0
Let h(n) = -n**3 + 28*n**2 + 32*n - 35. Give h(29).
52
Let w(x) = -x**3 - 3*x**2 + 7*x + 7. Determine w(-5).
22
Let s(p) = 11*p**2 + 34*p - 67. What is s(2)?
45
Let j(b) = -b**2 - 8*b - 3. Give j(-6).
9
Let w(o) = 39*o + 183. Calculate w(-5).
-12
Let q(b) = b**3 - 6*b**2 + b + 5. Give q(6).
11
Let o(k) = -k**2 + 26*k - 74. Determine o(23).
-5
Let o(m) = m**3 + 2*m**2 - 3*m + 1. Determine o(-4).
-19
Let l(y) = 2*y**3 - y**2 - 2*y. Calculate l(2).
8
Let c(m) = 2*m + 5. Calculate c(7).
19
Let a(h) = h**3 - 7*h**2 - h + 9. What is a(6)?
-33
Let m(g) = -g**3 + 10*g**2 + g - 2. Calculate m(10).
8
Let f(p) = -3*p**3 + 7*p**2 + 7*p - 4. Give f(-2).
34
Let c(p) = -8*p - 105. Give c(-11).
-17
Let f(r) = -2*r**3 - 3*r**2 + 5*r - 2. What is f(-4)?
58
Let x(a) = -a - 46. Determine x(-25).
-21
Let d(u) = -2*u + 7. Determine d(7).
-7
Let o(w) = w**3 + 21*w**2 + 26*w + 118. Determine o(-20).
-2
Let t(h) = -h**3 - 57*h**2 + 63*h + 293. Determine t(-58).
3
Let x(j) = -j**2 - 16*j - 64. Give x(-9).
-1
Let d(h) = h**3 + 12*h**2 + h + 3. Give d(-12).
-9
Let l(g) = g**3 + 22*g**2 - 39*g + 213. What is l(-24)?
-3
Let a(b) = 7*b**3 - 2*b**2 + b. What is a(1)?
6
Let x(m) = -m**3 - 12*m**2 + 6*m - 5. Give x(-12).
-77
Let s(q) = -q**3 + 5*q**2 - 2*q - 7. Determine s(4).
1
Let s(r) = r**3 - 4*r**2 - 4*r + 10. Calculate s(4).
-6
Let x(i) = -8*i + 1. Determine x(-7).
57
Let m(d) = -d**2 - 3*d + 7. Give m(6).
-47
Let u(d) = -6*d - 10. Calculate u(-11).
56
Let u(o) = o - 7. Give u(-5).
-12
Let y(a) = -55*a**3 - 2*a**2 + 1. Calculate y(1).
-56
Let d(l) = -5*l + 65. Determine d(11).
10
Let j(t) = t**3 + 24*t**2 + 2*t + 37. Determine j(-24).
-11
Let f(u) = u - 33. Calculate f(7).
-26
Let q(c) = -4*c**2 - 4*c + 2. Give q(-2).
-6
Let v(h) = -2*h**3 + 27*h**2 - 18*h + 30. What is v(13)?
-35
Let p(c) = -c**3 + 10*c**2 - 12*c + 7. Determine p(9).
-20
Let u(o) = -2*o - 46. Determine u(-16).
-14
Let p(d) = 89*d - 1. Calculate p(-1).
-90
Let a(d) = 2*d**2 + 12*d - 72. Give a(-10).
8
Let m(h) = 9*h - 24. Determine m(15).
111
Let y(m) = 16*m - 74. What is y(6)?
22
Let b(u) = 3*u**2 + 34*u + 29. Calculate b(-11).
18
Let i(p) = p**3 - 6*p**2 + 7*p - 2. Determine i(5).
8
Let m(z) = -40*z + 34. What is m(1)?
-6
Let l(q) = q**2 - 4*q - 20. Determine l(9).
25
Let d(w) = w**2 - 9*w + 6. What is d(8)?
-2
Let r(s) = s**3 - 5*s**2 + 4*s + 1. Determine r(5).
21
Let a(u) = 9*u - 64. Calculate a(7).
-1
Let f(h) = h**2 + 14*h + 6. What is f(-14)?
6
Let v(t) = t - 6. Calculate v(19).
13
Let g(z) = -z**2 + 6*z - 12. Give g(6).
-12
Let x(t) = -11*t**2 - t. What is x(1)?
-12
Let c(r) = r**3 + 5*r**2 - 13*r + 4. Determine c(2).
6
Let j(r) = r**3 - 11*r**2 + 18*r + 14. Calculate j(9).
14
Let b(q) = 2*q + 11. Give b(-6).
-1
Let x(m) = 28*m + 215. What is x(-8)?
-9
Let d(g) = -36*g - 2. Give d(-1).
34
Let q